{"id":24727,"date":"2021-04-18T12:10:58","date_gmt":"2021-04-18T10:10:58","guid":{"rendered":"https:\/\/www.freundeskreis-hagen-smolensk.de\/de\/?page_id=24727"},"modified":"2021-04-18T12:19:00","modified_gmt":"2021-04-18T10:19:00","slug":"lothar-henn","status":"publish","type":"page","link":"https:\/\/www.freundeskreis-hagen-smolensk.de\/de\/pandemie-kunst\/lothar-henn\/","title":{"rendered":"Lothar Henn"},"content":{"rendered":"<div>\n<p><img loading=\"lazy\" class=\"alignnone wp-image-24721\" src=\"https:\/\/www.freundeskreis-hagen-smolensk.de\/de\/wp-content\/uploads\/t_henn.png\" alt=\"\" width=\"250\" height=\"250\" srcset=\"https:\/\/www.freundeskreis-hagen-smolensk.de\/de\/wp-content\/uploads\/t_henn.png 500w, https:\/\/www.freundeskreis-hagen-smolensk.de\/de\/wp-content\/uploads\/t_henn-150x150.png 150w, https:\/\/www.freundeskreis-hagen-smolensk.de\/de\/wp-content\/uploads\/t_henn-250x250.png 250w\" sizes=\"(max-width: 250px) 100vw, 250px\" \/> <img loading=\"lazy\" class=\"alignnone size-full wp-image-24732\" src=\"https:\/\/www.freundeskreis-hagen-smolensk.de\/de\/wp-content\/uploads\/P1290879-Kopie.jpg\" alt=\"\" width=\"250\" height=\"250\" srcset=\"https:\/\/www.freundeskreis-hagen-smolensk.de\/de\/wp-content\/uploads\/P1290879-Kopie.jpg 250w, https:\/\/www.freundeskreis-hagen-smolensk.de\/de\/wp-content\/uploads\/P1290879-Kopie-150x150.jpg 150w\" sizes=\"(max-width: 250px) 100vw, 250px\" \/><\/p>\n<p>Lothar Henn (Jg. 1950) wohnt in Breckerfeld und ist Mitglied in der <a href=\"https:\/\/kuenstlergilde-hagen.net\/\">K\u00fcnstlergilde Hagen<\/a>.<\/p>\n<\/div>\n<hr>\n<p>Werke:<\/p>\n<figure id=\"attachment_24722\" aria-describedby=\"caption-attachment-24722\" style=\"width: 960px\" class=\"wp-caption alignnone\"><img loading=\"lazy\" class=\"size-full wp-image-24722\" src=\"https:\/\/www.freundeskreis-hagen-smolensk.de\/de\/wp-content\/uploads\/001.jpg\" alt=\"Lothar Henn\" width=\"960\" height=\"1280\" srcset=\"https:\/\/www.freundeskreis-hagen-smolensk.de\/de\/wp-content\/uploads\/001.jpg 960w, https:\/\/www.freundeskreis-hagen-smolensk.de\/de\/wp-content\/uploads\/001-525x700.jpg 525w, https:\/\/www.freundeskreis-hagen-smolensk.de\/de\/wp-content\/uploads\/001-768x1024.jpg 768w\" sizes=\"(max-width: 960px) 100vw, 960px\" \/><figcaption id=\"caption-attachment-24722\" class=\"wp-caption-text\">Chefkoch, Aquarellcollage, 36x48cm<\/figcaption><\/figure>\n<figure id=\"attachment_24723\" aria-describedby=\"caption-attachment-24723\" style=\"width: 960px\" class=\"wp-caption alignnone\"><img loading=\"lazy\" class=\"size-full wp-image-24723\" src=\"https:\/\/www.freundeskreis-hagen-smolensk.de\/de\/wp-content\/uploads\/002.jpg\" alt=\"Lothar Henn\" width=\"960\" height=\"1280\" srcset=\"https:\/\/www.freundeskreis-hagen-smolensk.de\/de\/wp-content\/uploads\/002.jpg 960w, https:\/\/www.freundeskreis-hagen-smolensk.de\/de\/wp-content\/uploads\/002-525x700.jpg 525w, https:\/\/www.freundeskreis-hagen-smolensk.de\/de\/wp-content\/uploads\/002-768x1024.jpg 768w\" sizes=\"(max-width: 960px) 100vw, 960px\" \/><figcaption id=\"caption-attachment-24723\" class=\"wp-caption-text\">K\u00fcchenhilfe, Aquarellcollage, 36x48cm<\/figcaption><\/figure>\n<figure id=\"attachment_24724\" aria-describedby=\"caption-attachment-24724\" style=\"width: 937px\" class=\"wp-caption alignnone\"><img loading=\"lazy\" class=\"size-full wp-image-24724\" src=\"https:\/\/www.freundeskreis-hagen-smolensk.de\/de\/wp-content\/uploads\/003.jpg\" alt=\"Lothar Henn\" width=\"937\" height=\"1280\" srcset=\"https:\/\/www.freundeskreis-hagen-smolensk.de\/de\/wp-content\/uploads\/003.jpg 937w, https:\/\/www.freundeskreis-hagen-smolensk.de\/de\/wp-content\/uploads\/003-512x700.jpg 512w, https:\/\/www.freundeskreis-hagen-smolensk.de\/de\/wp-content\/uploads\/003-750x1024.jpg 750w, https:\/\/www.freundeskreis-hagen-smolensk.de\/de\/wp-content\/uploads\/003-768x1049.jpg 768w\" sizes=\"(max-width: 937px) 100vw, 937px\" \/><figcaption id=\"caption-attachment-24724\" class=\"wp-caption-text\">Servicekraft, Aquarellcollage, 36x48cm<\/figcaption><\/figure>\n<figure id=\"attachment_24725\" aria-describedby=\"caption-attachment-24725\" style=\"width: 960px\" class=\"wp-caption alignnone\"><img loading=\"lazy\" class=\"size-full wp-image-24725\" src=\"https:\/\/www.freundeskreis-hagen-smolensk.de\/de\/wp-content\/uploads\/004.jpg\" alt=\"Lothar Henn\" width=\"960\" height=\"1280\" srcset=\"https:\/\/www.freundeskreis-hagen-smolensk.de\/de\/wp-content\/uploads\/004.jpg 960w, https:\/\/www.freundeskreis-hagen-smolensk.de\/de\/wp-content\/uploads\/004-525x700.jpg 525w, https:\/\/www.freundeskreis-hagen-smolensk.de\/de\/wp-content\/uploads\/004-768x1024.jpg 768w\" sizes=\"(max-width: 960px) 100vw, 960px\" \/><figcaption id=\"caption-attachment-24725\" class=\"wp-caption-text\">Patissi\u00e9re, Aquarellcollage, 36x48cm<\/figcaption><\/figure>\n<figure id=\"attachment_24726\" aria-describedby=\"caption-attachment-24726\" style=\"width: 960px\" class=\"wp-caption alignnone\"><img loading=\"lazy\" class=\"size-full wp-image-24726\" src=\"https:\/\/www.freundeskreis-hagen-smolensk.de\/de\/wp-content\/uploads\/005.jpg\" alt=\"Lothar Henn\" width=\"960\" height=\"1280\" srcset=\"https:\/\/www.freundeskreis-hagen-smolensk.de\/de\/wp-content\/uploads\/005.jpg 960w, https:\/\/www.freundeskreis-hagen-smolensk.de\/de\/wp-content\/uploads\/005-525x700.jpg 525w, https:\/\/www.freundeskreis-hagen-smolensk.de\/de\/wp-content\/uploads\/005-768x1024.jpg 768w\" sizes=\"(max-width: 960px) 100vw, 960px\" \/><figcaption id=\"caption-attachment-24726\" class=\"wp-caption-text\">Suppenkoch, Aquarellcollage, 36x48cm<\/figcaption><\/figure>\n<p>&#8222;<strong>Kreative Momente im Lockdown<\/strong><\/p>\n<p>W\u00e4hrend des erneuten Lockdowns mit zahlreichen Bewegungseinschr\u00e4nkungen, fehlenden Kontaktm\u00f6glichkeiten und einem zwangsweise ausged\u00fcnnten Terminkalender, bot sich f\u00fcr mich die Gelegenheit, kreative Momente aufs Papier zu bringen.<\/p>\n<p>Ich habe die gewonnenen zeitlichen Freiheiten genutzt, um regelm\u00e4\u00dfig im Atelier weitere Aquarellcollagen zu fertigen. Dabei dienen als Vorlage f\u00fcr die K\u00f6rper der \u201esonderbaren\u201c Wesen Bruchst\u00fccke von Schalen- und Krustentieren, insbesondere von Hummern und Langusten. Diese dienen zun\u00e4chst als Anlage des K\u00f6rpers eines Aquarells und werden dann mit kleinen pers\u00f6nlichen Gegenst\u00e4nden ausgestattet und so abschlie\u00dfend vervollst\u00e4ndigt.<\/p>\n<p>Ich habe die w\u00e4hrend der letzten Monate seit Ende 2020 geschaffenen Werke den durch die Schlie\u00dfungen ihrer Betriebe insbesondere betroffenen Gastronomen, Restaurantbetreibern und Mitarbeitern in Beherbergungseinrichtungen gewidmet und daraus die beigef\u00fcgte Bilderreihe gefertigt.&#8220;<\/p>\n<p>Lothar Henn<\/p>\n<p>&nbsp;<\/p>\n<p><em>\u201eLothar Henn l\u00e4sst sich von Meeresfr\u00fcchten inspirieren. Genauer von deren nat\u00fcrlichen Teilformen und konstruiert mit diesem ungew\u00f6hnlichen \u201eBild-Material\u201c phantastische Gesch\u00f6pfe, welche menschliche Verhaltensweisen spiegeln.\u201c<\/em><em>&nbsp;<\/em><\/p>\n<p><em>Dr. Christine Kracht<\/em><\/p>\n","protected":false},"excerpt":{"rendered":"<p>Lothar Henn (Jg. 1950) wohnt in Breckerfeld und ist Mitglied in der K\u00fcnstlergilde Hagen. Werke: &#8222;Kreative Momente im Lockdown W\u00e4hrend des erneuten Lockdowns mit zahlreichen Bewegungseinschr\u00e4nkungen, fehlenden Kontaktm\u00f6glichkeiten und einem zwangsweise ausged\u00fcnnten Terminkalender, bot sich f\u00fcr mich die Gelegenheit, kreative Momente aufs Papier zu bringen. Ich habe die gewonnenen zeitlichen Freiheiten genutzt, um regelm\u00e4\u00dfig im&hellip; <span class=\"kuorinka-read-more\"><a href=\"https:\/\/www.freundeskreis-hagen-smolensk.de\/de\/pandemie-kunst\/lothar-henn\/\" class=\"more-link\">Weiterlesen <span class=\"screen-reader-text\">Lothar Henn<\/span><\/a><\/span><\/p>\n","protected":false},"author":1,"featured_media":0,"parent":24241,"menu_order":0,"comment_status":"closed","ping_status":"closed","template":"","meta":{"ngg_post_thumbnail":0},"_links":{"self":[{"href":"https:\/\/www.freundeskreis-hagen-smolensk.de\/de\/wp-json\/wp\/v2\/pages\/24727"}],"collection":[{"href":"https:\/\/www.freundeskreis-hagen-smolensk.de\/de\/wp-json\/wp\/v2\/pages"}],"about":[{"href":"https:\/\/www.freundeskreis-hagen-smolensk.de\/de\/wp-json\/wp\/v2\/types\/page"}],"author":[{"embeddable":true,"href":"https:\/\/www.freundeskreis-hagen-smolensk.de\/de\/wp-json\/wp\/v2\/users\/1"}],"replies":[{"embeddable":true,"href":"https:\/\/www.freundeskreis-hagen-smolensk.de\/de\/wp-json\/wp\/v2\/comments?post=24727"}],"version-history":[{"count":4,"href":"https:\/\/www.freundeskreis-hagen-smolensk.de\/de\/wp-json\/wp\/v2\/pages\/24727\/revisions"}],"predecessor-version":[{"id":24733,"href":"https:\/\/www.freundeskreis-hagen-smolensk.de\/de\/wp-json\/wp\/v2\/pages\/24727\/revisions\/24733"}],"up":[{"embeddable":true,"href":"https:\/\/www.freundeskreis-hagen-smolensk.de\/de\/wp-json\/wp\/v2\/pages\/24241"}],"wp:attachment":[{"href":"https:\/\/www.freundeskreis-hagen-smolensk.de\/de\/wp-json\/wp\/v2\/media?parent=24727"}],"curies":[{"name":"wp","href":"https:\/\/api.w.org\/{rel}","templated":true}]}}

<div>
<p><img loading="lazy" class="alignnone wp-image-24721" src="https://www.freundeskreis-hagen-smolensk.de/de/wp-content/uploads/t_henn.png" alt="" width="250" height="250" srcset="https://www.freundeskreis-hagen-smolensk.de/de/wp-content/uploads/t_henn.png 500w, https://www.freundeskreis-hagen-smolensk.de/de/wp-content/uploads/t_henn-150x150.png 150w, https://www.freundeskreis-hagen-smolensk.de/de/wp-content/uploads/t_henn-250x250.png 250w" sizes="(max-width: 250px) 100vw, 250px" /> <img loading="lazy" class="alignnone size-full wp-image-24732" src="https://www.freundeskreis-hagen-smolensk.de/de/wp-content/uploads/P1290879-Kopie.jpg" alt="" width="250" height="250" srcset="https://www.freundeskreis-hagen-smolensk.de/de/wp-content/uploads/P1290879-Kopie.jpg 250w, https://www.freundeskreis-hagen-smolensk.de/de/wp-content/uploads/P1290879-Kopie-150x150.jpg 150w" sizes="(max-width: 250px) 100vw, 250px" /></p>
<p>Lothar Henn (Jg. 1950) wohnt in Breckerfeld und ist Mitglied in der <a href="https://kuenstlergilde-hagen.net/">Künstlergilde Hagen</a>.</p>
</div>
<hr>
<p>Werke:</p>
<figure id="attachment_24722" aria-describedby="caption-attachment-24722" style="width: 960px" class="wp-caption alignnone"><img loading="lazy" class="size-full wp-image-24722" src="https://www.freundeskreis-hagen-smolensk.de/de/wp-content/uploads/001.jpg" alt="Lothar Henn" width="960" height="1280" srcset="https://www.freundeskreis-hagen-smolensk.de/de/wp-content/uploads/001.jpg 960w, https://www.freundeskreis-hagen-smolensk.de/de/wp-content/uploads/001-525x700.jpg 525w, https://www.freundeskreis-hagen-smolensk.de/de/wp-content/uploads/001-768x1024.jpg 768w" sizes="(max-width: 960px) 100vw, 960px" /><figcaption id="caption-attachment-24722" class="wp-caption-text">Chefkoch, Aquarellcollage, 36x48cm</figcaption></figure>
<figure id="attachment_24723" aria-describedby="caption-attachment-24723" style="width: 960px" class="wp-caption alignnone"><img loading="lazy" class="size-full wp-image-24723" src="https://www.freundeskreis-hagen-smolensk.de/de/wp-content/uploads/002.jpg" alt="Lothar Henn" width="960" height="1280" srcset="https://www.freundeskreis-hagen-smolensk.de/de/wp-content/uploads/002.jpg 960w, https://www.freundeskreis-hagen-smolensk.de/de/wp-content/uploads/002-525x700.jpg 525w, https://www.freundeskreis-hagen-smolensk.de/de/wp-content/uploads/002-768x1024.jpg 768w" sizes="(max-width: 960px) 100vw, 960px" /><figcaption id="caption-attachment-24723" class="wp-caption-text">Küchenhilfe, Aquarellcollage, 36x48cm</figcaption></figure>
<figure id="attachment_24724" aria-describedby="caption-attachment-24724" style="width: 937px" class="wp-caption alignnone"><img loading="lazy" class="size-full wp-image-24724" src="https://www.freundeskreis-hagen-smolensk.de/de/wp-content/uploads/003.jpg" alt="Lothar Henn" width="937" height="1280" srcset="https://www.freundeskreis-hagen-smolensk.de/de/wp-content/uploads/003.jpg 937w, https://www.freundeskreis-hagen-smolensk.de/de/wp-content/uploads/003-512x700.jpg 512w, https://www.freundeskreis-hagen-smolensk.de/de/wp-content/uploads/003-750x1024.jpg 750w, https://www.freundeskreis-hagen-smolensk.de/de/wp-content/uploads/003-768x1049.jpg 768w" sizes="(max-width: 937px) 100vw, 937px" /><figcaption id="caption-attachment-24724" class="wp-caption-text">Servicekraft, Aquarellcollage, 36x48cm</figcaption></figure>
<figure id="attachment_24725" aria-describedby="caption-attachment-24725" style="width: 960px" class="wp-caption alignnone"><img loading="lazy" class="size-full wp-image-24725" src="https://www.freundeskreis-hagen-smolensk.de/de/wp-content/uploads/004.jpg" alt="Lothar Henn" width="960" height="1280" srcset="https://www.freundeskreis-hagen-smolensk.de/de/wp-content/uploads/004.jpg 960w, https://www.freundeskreis-hagen-smolensk.de/de/wp-content/uploads/004-525x700.jpg 525w, https://www.freundeskreis-hagen-smolensk.de/de/wp-content/uploads/004-768x1024.jpg 768w" sizes="(max-width: 960px) 100vw, 960px" /><figcaption id="caption-attachment-24725" class="wp-caption-text">Patissiére, Aquarellcollage, 36x48cm</figcaption></figure>
<figure id="attachment_24726" aria-describedby="caption-attachment-24726" style="width: 960px" class="wp-caption alignnone"><img loading="lazy" class="size-full wp-image-24726" src="https://www.freundeskreis-hagen-smolensk.de/de/wp-content/uploads/005.jpg" alt="Lothar Henn" width="960" height="1280" srcset="https://www.freundeskreis-hagen-smolensk.de/de/wp-content/uploads/005.jpg 960w, https://www.freundeskreis-hagen-smolensk.de/de/wp-content/uploads/005-525x700.jpg 525w, https://www.freundeskreis-hagen-smolensk.de/de/wp-content/uploads/005-768x1024.jpg 768w" sizes="(max-width: 960px) 100vw, 960px" /><figcaption id="caption-attachment-24726" class="wp-caption-text">Suppenkoch, Aquarellcollage, 36x48cm</figcaption></figure>
<p>&#8222;<strong>Kreative Momente im Lockdown</strong></p>
<p>Während des erneuten Lockdowns mit zahlreichen Bewegungseinschränkungen, fehlenden Kontaktmöglichkeiten und einem zwangsweise ausgedünnten Terminkalender, bot sich für mich die Gelegenheit, kreative Momente aufs Papier zu bringen.</p>
<p>Ich habe die gewonnenen zeitlichen Freiheiten genutzt, um regelmäßig im Atelier weitere Aquarellcollagen zu fertigen. Dabei dienen als Vorlage für die Körper der „sonderbaren“ Wesen Bruchstücke von Schalen- und Krustentieren, insbesondere von Hummern und Langusten. Diese dienen zunächst als Anlage des Körpers eines Aquarells und werden dann mit kleinen persönlichen Gegenständen ausgestattet und so abschließend vervollständigt.</p>
<p>Ich habe die während der letzten Monate seit Ende 2020 geschaffenen Werke den durch die Schließungen ihrer Betriebe insbesondere betroffenen Gastronomen, Restaurantbetreibern und Mitarbeitern in Beherbergungseinrichtungen gewidmet und daraus die beigefügte Bilderreihe gefertigt.&#8220;</p>
<p>Lothar Henn</p>
<p>&nbsp;</p>
<p><em>„Lothar Henn lässt sich von Meeresfrüchten inspirieren. Genauer von deren natürlichen Teilformen und konstruiert mit diesem ungewöhnlichen „Bild-Material“ phantastische Geschöpfe, welche menschliche Verhaltensweisen spiegeln.“</em><em>&nbsp;</em></p>
<p><em>Dr. Christine Kracht</em></p>

<p>Lothar Henn (Jg. 1950) wohnt in Breckerfeld und ist Mitglied in der Künstlergilde Hagen. Werke: &#8222;Kreative Momente im Lockdown Während des erneuten Lockdowns mit zahlreichen Bewegungseinschränkungen, fehlenden Kontaktmöglichkeiten und einem zwangsweise ausgedünnten Terminkalender, bot sich für mich die Gelegenheit, kreative Momente aufs Papier zu bringen. Ich habe die gewonnenen zeitlichen Freiheiten genutzt, um regelmäßig im&hellip; <span class="kuorinka-read-more"><a href="https://www.freundeskreis-hagen-smolensk.de/de/pandemie-kunst/lothar-henn/" class="more-link">Weiterlesen <span class="screen-reader-text">Lothar Henn</span></a></span></p>
